{"id":93,"date":"2019-09-02T22:52:30","date_gmt":"2019-09-02T22:52:30","guid":{"rendered":"https:\/\/www.ab-sailer.de\/WordPress_ABS01\/?page_id=93"},"modified":"2025-01-16T21:41:23","modified_gmt":"2025-01-16T21:41:23","slug":"93-2","status":"publish","type":"page","link":"https:\/\/www.ab-sailer.de\/","title":{"rendered":""},"content":{"rendered":"<div tabindex=\"0\" class=\"cycloneslider cycloneslider-template-dark cycloneslider-width-responsive\" id=\"cycloneslider-cyclone-1-1\" style=\"max-width:740px\" > <div class=\"cycloneslider-slides cycle-slideshow\" data-cycle-allow-wrap=\"true\" data-cycle-dynamic-height=\"off\" data-cycle-auto-height=\"740:465\" data-cycle-auto-height-easing=\"null\" data-cycle-auto-height-speed=\"250\" data-cycle-delay=\"0\" data-cycle-easing=\"\" data-cycle-fx=\"fade\" data-cycle-hide-non-active=\"true\" data-cycle-log=\"false\" data-cycle-next=\"#cycloneslider-cyclone-1-1 .cycloneslider-next\" data-cycle-pager=\"#cycloneslider-cyclone-1-1 .cycloneslider-pager\" data-cycle-pause-on-hover=\"true\" data-cycle-prev=\"#cycloneslider-cyclone-1-1 .cycloneslider-prev\" data-cycle-slides=\"&gt; div\" data-cycle-speed=\"1000\" data-cycle-swipe=\"1\" data-cycle-tile-count=\"7\" data-cycle-tile-delay=\"100\" data-cycle-tile-vertical=\"true\" data-cycle-timeout=\"8000\" > <div class=\"cycloneslider-slide cycloneslider-slide-image\" > <img decoding=\"async\" src=\"https:\/\/www.ab-sailer.de\/wp-content\/uploads\/2022\/04\/20200902_081640-scaled.jpg\" alt=\"\" title=\"\" \/> <\/div> <div class=\"cycloneslider-slide cycloneslider-slide-image\" > <img decoding=\"async\" src=\"https:\/\/www.ab-sailer.de\/wp-content\/uploads\/2019\/09\/3556E585-1527-40D2-AD40-78F18C216464-e1593363214370.jpeg\" alt=\"\" title=\"\" \/> <\/div> <div class=\"cycloneslider-slide cycloneslider-slide-image\" > <img decoding=\"async\" src=\"https:\/\/www.ab-sailer.de\/wp-content\/uploads\/2022\/04\/CF9B4DDD429CB2DBE0B6519523DD424A.jpg\" alt=\"\" title=\"\" \/> <\/div> <div class=\"cycloneslider-slide cycloneslider-slide-image\" > <img decoding=\"async\" src=\"https:\/\/www.ab-sailer.de\/wp-content\/uploads\/2022\/04\/2E055B6C911945D884FE466C9137D153-1.jpg\" alt=\"\" title=\"\" \/> <\/div> <div class=\"cycloneslider-slide cycloneslider-slide-image\" > <img decoding=\"async\" src=\"https:\/\/www.ab-sailer.de\/wp-content\/uploads\/2022\/04\/729_85EB8ADF9D57B8605E4140F22D28CFAF-scaled.jpg\" alt=\"\" title=\"\" \/> <\/div> <div class=\"cycloneslider-slide cycloneslider-slide-image\" > <img decoding=\"async\" src=\"https:\/\/www.ab-sailer.de\/wp-content\/uploads\/2022\/04\/188_D4006B20E0AEE7DFFA742D616132B6E6-scaled.jpg\" alt=\"\" title=\"\" \/> <\/div> <div class=\"cycloneslider-slide cycloneslider-slide-image\" > <img decoding=\"async\" src=\"https:\/\/www.ab-sailer.de\/wp-content\/uploads\/2022\/04\/EBD053C848D96C188C4839302C6FBF89.jpg\" alt=\"\" title=\"\" \/> <\/div> <div class=\"cycloneslider-slide cycloneslider-slide-image\" > <img decoding=\"async\" src=\"https:\/\/www.ab-sailer.de\/wp-content\/uploads\/2022\/04\/20211021_084600-scaled.jpg\" alt=\"\" title=\"\" \/> <\/div> <div class=\"cycloneslider-slide cycloneslider-slide-image\" > <img decoding=\"async\" src=\"https:\/\/www.ab-sailer.de\/wp-content\/uploads\/2022\/04\/1095_1D96D8B4F300C357E40C5188182274A6-scaled.jpg\" alt=\"\" title=\"\" \/> <\/div> <div class=\"cycloneslider-slide cycloneslider-slide-image\" > <img decoding=\"async\" src=\"https:\/\/www.ab-sailer.de\/wp-content\/uploads\/2022\/04\/20210325_110407-1-scaled.jpg\" alt=\"\" title=\"\" \/> <\/div> <div class=\"cycloneslider-slide cycloneslider-slide-image\" > <img decoding=\"async\" src=\"https:\/\/www.ab-sailer.de\/wp-content\/uploads\/2022\/04\/1084_9A50F6CFDF616CD4ED6154DCE2046661.jpg\" alt=\"\" title=\"\" \/> <\/div> <div class=\"cycloneslider-slide cycloneslider-slide-image\" > <img decoding=\"async\" src=\"https:\/\/www.ab-sailer.de\/wp-content\/uploads\/2022\/04\/20220225_101731-1-scaled.jpg\" alt=\"\" title=\"\" \/> <\/div> <div class=\"cycloneslider-slide cycloneslider-slide-image\" > <img decoding=\"async\" src=\"https:\/\/www.ab-sailer.de\/wp-content\/uploads\/2022\/04\/156_39912D58F0592B850C97385C823A0ABA-scaled.jpg\" alt=\"\" title=\"\" \/> <\/div> <\/div> <\/div>\n\n\n\n<div style=\"height:80px\" aria-hidden=\"true\" class=\"wp-block-spacer\"><\/div>\n\n\n\n<div class=\"wp-block-columns is-layout-flex wp-container-core-columns-is-layout-2 wp-block-columns-is-layout-flex\">\n<div class=\"wp-block-column is-layout-flow wp-block-column-is-layout-flow\" style=\"flex-basis:66.66%\">\n<div class=\"wp-block-columns is-layout-flex wp-container-core-columns-is-layout-1 wp-block-columns-is-layout-flex\">\n<div class=\"wp-block-column is-layout-flow wp-block-column-is-layout-flow\" style=\"flex-basis:100%\"><\/div>\n<\/div>\n\n\n\n<p><\/p>\n\n\n\n<div id=\"blackRow\">&nbsp;<\/div>\n<\/div>\n\n\n\n<div class=\"wp-block-column is-layout-flow wp-block-column-is-layout-flow\" style=\"flex-basis:33.33%\"><\/div>\n<\/div>\n\n\n\n<div class=\"wp-block-columns is-layout-flex wp-container-core-columns-is-layout-3 wp-block-columns-is-layout-flex\">\n<div class=\"wp-block-column is-layout-flow wp-block-column-is-layout-flow\" style=\"flex-basis:66.66%\">\n<h4 class=\"wp-block-heading\">B\u00fcroprofil<\/h4>\n\n\n\n<h5 class=\"wp-block-heading\">Der aktuelle Fokus unserer T\u00e4tigkeit liegt in der Konzeption von baulichen Ma\u00dfnahmen zur Entwicklung von Liegenschaften. Dabei bilden unsere eigenen, jahrelangen Erfahrungen in allen Phasen der Planung und Umsetzung von Bauprojekten ein sicheres Fundament f\u00fcr unsere T\u00e4tigkeit und unsere Entscheidungen. Ein ganzheitlicher Projektansatz steht immer im Vordergrund.<br>Gerne \u00fcbernehmen wir aber auch Teilleistungen von Planungsaufgaben in den verschiedenen Leistungsphasen. Durch partnerschaftliche Zusammenarbeit und ein kontinuierlich wachsendes Netzwerk an fachlicher Expertise liegt unser Fokus auf der Umsetzung von anspruchsvoller Gestaltung mit hoher Ausf\u00fchrungsqualit\u00e4t. Wir sehen uns hier als Bindeglied zwischen komplexen gestalterischen Ideen und den M\u00f6glichkeiten der Realisierung.<\/h5>\n\n\n\n<h5 class=\"wp-block-heading\"><u>Lukas Sailer<\/u>\u00a0studierte 2003-2011 an der Universit\u00e4t der K\u00fcnste Berlin Architektur und schloss das Studium mit Diplom und Auszeichnung (Max Taut Preis) ab. W\u00e4hrend des Studiums konnte\u00a0mit Unterst\u00fctzung des Fulbright Stipendiums\u00a0die Arbeit an eigenen Entw\u00fcrfen im Rahmen\u00a0eines 12-monatigen\u00a0Studienaufenthaltes an der University of Illinois at Chicago (UIC) in den USA\u00a0vertieft und wertvolle Auslandserfahrungen gewonnen werden. Nach T\u00e4tigkeiten bei AGPS architecture in Z\u00fcrich und Davide Rizzo in Berlin folgte die selbstst\u00e4ndige T\u00e4tigkeit mit der B\u00fcrogr\u00fcndung. 2010 bis 2017 lag der Schwerpunkt auf konzeptionelle und bildgestalterische Arbeiten. Unter dem Namen \u201eBildideal\u201c wurden\u00a0zahlreiche Visualisierungen und Darstellungen in Zusammenarbeit mit weiteren Architekturb\u00fcros und Gestaltenden erarbeitet. Ab 2017 verlagerte sich der Schwerpunkt auf die Ausf\u00fchrung von Bauprojekten mit Genehmigungs- und Ausf\u00fchrungsplanungen f\u00fcr Gewerbe und Wohnen sowie Leistungen der Ausschreibung und Bau\u00fcberwachung.<br>2023 begann in Zusammenschluss mit der Bauherrschaft die Planung und Umsetzung des ersten eigenen Projektes als General\u00fcbernehmer. Wichtige Erfahrungen in der\u00a0Generalplanung, Projektsteuerung und Bereichen der Immobilienwirtschaft konnten hier gesammelt werden.<\/h5>\n\n\n\n<h4 class=\"wp-block-heading\">Ausstattung<\/h4>\n\n\n\n<h5 class=\"wp-block-heading\">Wir zeichnen u.a. mit der <span style=\"text-decoration: underline;\">Autodesk Software REVIT<\/span>. Die Kostenplanung wie das Verarbeiten von Angeboten Aufma\u00dfe und Abrechnung erfolgt mit Unterst\u00fctzung durch die Software <span style=\"text-decoration: underline;\">ORCA AVA<\/span>. Die Bau\u00fcberwachung, Dokumentation und Zeitplanung durch Gripsware <span style=\"text-decoration: underline;\">ProReport und ProPlan<\/span>. <br><\/h5>\n\n\n\n<p><\/p>\n\n\n\n<h4 class=\"wp-block-heading\">Bewerbung<\/h4>\n\n\n\n<h5 class=\"wp-block-heading\">Sollten Sie sich f\u00fcr die <span style=\"text-decoration: underline;\">Arbeit als Architekt\/ -in in unserem B\u00fcro<\/span> interessieren, so bewerben Sie sich gerne.<br>Als Architekturb\u00fcro bilden wir auch <span style=\"text-decoration: underline;\">Bauzeichner\/ -innen<\/span> aus.<br>Aussagekr\u00e4ftige Bewerbungen in kleinem Format k\u00f6nnen Sie uns gerne per E-Mail senden.<br><\/h5>\n\n\n\n<p><\/p>\n\n\n\n<h4 class=\"wp-block-heading\">Kontakt<\/h4>\n\n\n\n<h5 class=\"wp-block-heading\">Kontaktieren Sie uns<br>Architekturb\u00fcro Sailer<br>Gneisenaustr. 2<br>D-10961 Berlin<br>+ 49 (0) 30 39839470<br>+ 49 (0) 30 39838109<br>info@ab-sailer.de<\/h5>\n\n\n\n<div style=\"height:36px\" aria-hidden=\"true\" class=\"wp-block-spacer\"><\/div>\n\n\n\n<p><\/p>\n\n\n\n<div style=\"height:36px\" aria-hidden=\"true\" class=\"wp-block-spacer\"><\/div>\n<\/div>\n\n\n\n<div class=\"wp-block-column is-layout-flow wp-block-column-is-layout-flow\" style=\"flex-basis:33.33%\"><\/div>\n<\/div>\n\n\n\n<div class=\"wp-block-columns is-layout-flex wp-container-core-columns-is-layout-4 wp-block-columns-is-layout-flex\">\n<div class=\"wp-block-column is-layout-flow wp-block-column-is-layout-flow\"><\/div>\n\n\n\n<div class=\"wp-block-column is-layout-flow wp-block-column-is-layout-flow\"><\/div>\n<\/div>\n\n\n\n<p><\/p>\n","protected":false},"excerpt":{"rendered":"<p>&nbsp; B\u00fcroprofil Der aktuelle Fokus unserer T\u00e4tigkeit liegt in der Konzeption von<a class=\"read-more\" href=\"https:\/\/www.ab-sailer.de\/\" rel=\"nofollow\"> &#8230;<\/a><\/p>\n","protected":false},"author":2,"featured_media":0,"parent":0,"menu_order":0,"comment_status":"closed","ping_status":"closed","template":"","meta":{"ngg_post_thumbnail":0,"footnotes":""},"class_list":["post-93","page","type-page","status-publish","hentry","shapla-grid-item"],"jetpack_sharing_enabled":true,"_links":{"self":[{"href":"https:\/\/www.ab-sailer.de\/index.php?rest_route=\/wp\/v2\/pages\/93","targetHints":{"allow":["GET"]}}],"collection":[{"href":"https:\/\/www.ab-sailer.de\/index.php?rest_route=\/wp\/v2\/pages"}],"about":[{"href":"https:\/\/www.ab-sailer.de\/index.php?rest_route=\/wp\/v2\/types\/page"}],"author":[{"embeddable":true,"href":"https:\/\/www.ab-sailer.de\/index.php?rest_route=\/wp\/v2\/users\/2"}],"replies":[{"embeddable":true,"href":"https:\/\/www.ab-sailer.de\/index.php?rest_route=%2Fwp%2Fv2%2Fcomments&post=93"}],"version-history":[{"count":243,"href":"https:\/\/www.ab-sailer.de\/index.php?rest_route=\/wp\/v2\/pages\/93\/revisions"}],"predecessor-version":[{"id":1018,"href":"https:\/\/www.ab-sailer.de\/index.php?rest_route=\/wp\/v2\/pages\/93\/revisions\/1018"}],"wp:attachment":[{"href":"https:\/\/www.ab-sailer.de\/index.php?rest_route=%2Fwp%2Fv2%2Fmedia&parent=93"}],"curies":[{"name":"wp","href":"https:\/\/api.w.org\/{rel}","templated":true}]}}